{"id":3047,"date":"2019-07-12T19:57:34","date_gmt":"2019-07-12T19:57:34","guid":{"rendered":"https:\/\/www.stichtingderoos.nl\/roos151\/?page_id=3047"},"modified":"2019-07-12T19:57:34","modified_gmt":"2019-07-12T19:57:34","slug":"het-bibliofiele-boek","status":"publish","type":"page","link":"https:\/\/www.stichtingderoos.nl\/roos151\/het-bibliofiele-boek\/","title":{"rendered":"Het bibliofiele boek"},"content":{"rendered":"\n<p>Het is een niet tegen te spreken feit, dat in de oorlogsjaren veel mensen het boek ontdekt of herontdekt hebben. Men denkt dan natuurlijk aan de inhoudswaarde, die velen heeft getroost in die naargeestige en trieste jaren en anderen tot tijdverdrijf (wie schreef eens, dat men beter kan spreken van een doodverdrijf?) diende van de lange en donkere winteravonden. Maar ook op andere wijze werd het boek herontdekt. Men ging beseffen, dat het niet zo vanzelfsprekend was als men had gedacht, dat een boek op goed papier gedrukt was, met een goede letter, gelijkmatig van kleur, met een prettig-aandoende zwart-wit verdeling van de bladzijden en gebonden in een minstens goede, liefst fraaie band.<br>&nbsp;&nbsp;&nbsp;&nbsp; Het boek dus als voorwerp van kunstnijverheid. Natuurlijk reageert niet iedereen gelijk op het meer of minder fraaie uiterlijk van een boek. Tussen Joseph Isra\u00ebls, van wie verteld wordt dat hij de gelezen bladzijden uit zijn boeken scheurde en ze uit de Scheveningse tram liet fladderen, en Greshoff, die beweerde boeken te hebben bemind, waar hij geen woord van kon lezen, alleen omdat ze er fraai uitzagen en hem esthetisch bekoorden, liggen vele gradaties. Lang niet iedereen meent dat een boek, ook naar zijn uiterlijk, moet zijn \u2018a thing of beauty, a joy for ever\u2019.<br>&nbsp;&nbsp;&nbsp;&nbsp; Er ontstond tijdens de bezetting mede daardoor een grote vraag naar en grote belangstelling voor het bibliofiele boek. Dit houdt een groot gevaar in. Want men moet goed weten, dat een boek nog niet bibliofiel is als het gedrukt wordt op \u2018geschept papier\u2019, in \u2018kleine oplage\u2019, \u2018genummerd\u2019 en soms bovendien nog \u2018gesigneerd\u2019 \u2013 en veel geld kost. Zo eenvoudig is het niet. Er zijn tijden geweest dat er geen onderscheid was tussen een bibliofiel en een niet-bibliofiel (of gewoon) boek. Alle boeken werden goed verzorgd uitgegeven, op goed papier gedrukt en in een goede band gebonden. Toen het boek massaprodukt werd, ging het net als met alle massaproduktie: er kon niet meer genoeg aandacht aan worden besteed. Het moest zo goedkoop mogelijk zijn om zoveel mogelijk mensen in de gelegenheid te stellen het te kopen en er kennis van te kunnen nemen. Op de voordelen van het goedkope, voor ieder toegankelijke boek behoef ik hier niet te wijzen \u2013 ze zijn er en hun lof is overvloedig bezongen. Natuurlijk kwam de reactie, zoals in zoveel takken van kunstnijverheid. Er ontstond weer belangstelling, zij het bij weinigen, voor het handwerk, ook voor het bibliofiele boek. Niet inplaats van het gewone massaprodukt, maar er naast.<br>&nbsp;&nbsp;&nbsp;&nbsp; Aan welke voorwaarden moet nu een boek voldoen om tot de bibliofiele uitgaven gerekend te worden? Ik zal trachten in het kort er enige op te noemen, in de hoop niet al te onvolledig te zijn.<br>&nbsp;&nbsp;&nbsp;&nbsp; In de eerste en voornaamste plaats moet de tekst \u2018de moeite waard\u2019 zijn. Van de tekst gaat men uit bij het kiezen van vorm, formaat en lettersoort. De grootte van de letters, hun onderlinge afstand, de afstand van de regels ten opzichte van elkaar, de verhouding van het bedrukte en onbedrukte gedeelte van de pagina (de z.g. bladspiegel en de marges) worden zorgvuldig overwogen. Bij het afdrukken wordt nauwkeurig toegezien dat de letters gelijkmatig van kleur zijn afgedrukt, zodat niet de ene bladzijde een diep-zwarte en de andere een grijze druk te zien geeft.<br>&nbsp;&nbsp;&nbsp;&nbsp; Bijzondere aandacht verdient ook het papier. Dat moet goed zijn, duurzaam, als het kan met de hand geschept, van een kleur en hoedanigheid, die de tekst en de eventuele illustraties het best doen uitkomen. Leent de tekst er zich voor dan zijn goede illustraties welkom, maar een zuiver typografisch uitgevoerd boek kan van&nbsp; grote schoonheid zijn. En als dan een goedverzorgde band dit fraaie geheel samenvat in leer, perkament of ook wel een goede kwaliteit linnen, is er kans dat een boek ontstaan is, dat stijl bezit en schoon is en dus voor de bibliofiel een begeerlijk bezit vormt. Niets worde aan het toeval overgelaten. Wolfgang Cordan noemt het ergens (het is weliswaar erg Duits geformuleerd, maar het is w\u00e9l juist) \u2018der vollkommene Band des Optisch-Sch\u00f6nen mit dem Geist-Sch\u00f6nen\u2019. Zo wordt een gedicht ook werkelijk een gedicht, een monumentaal stuk proza een monument.<br>&nbsp;&nbsp;&nbsp;&nbsp; Dat boeken, waaraan met zoveel zorg en liefde moet worden gewerkt, gewoonlijk niet in een grote oplage verschijnen, zal voor ieder duidelijk zijn, evenals het feit dat deze boeken hoger in prijs zullen moeten zijn dan die, welke in vele duizenden exemplaren gedrukt worden. En voor hen die het bibliofiele boek niet kunnen betalen, eindig ik met deze troost: het laboratoriumwerk, verricht in de werkplaatsen van de verzorgers van het bibliofiele boek komt tenslotte ook ten voordele aan de uitvoering van het gewone boek. Samenvattend haal ik de woorden van Maurice Robert aan in zijn charmante boekje&nbsp;<em>Code de la bibliophile moderne<\/em>:\u2018Le livre de luxe est le beau livre port\u00e9 \u00e1 son maximum de perfection. La perfection ne r\u00e9side pas dans la raret\u00e9, mais dans la qualit\u00e9\u2019.<\/p>\n<p>In:&nbsp;<em>Honderdvijfentwintig Rozen<\/em>,1983<\/p>\n","protected":false},"excerpt":{"rendered":"<p>Het is een niet tegen te spreken feit, dat in de oorlogsjaren veel mensen het boek ontdekt of herontdekt hebben. Men denkt dan natuurlijk aan de inhoudswaarde, die velen heeft getroost in die naargeestige en trieste jaren en anderen tot tijdverdrijf (wie schreef eens, dat men beter kan spreken van een doodverdrijf?) diende van de [&hellip;]<\/p>\n","protected":false},"author":1,"featured_media":0,"parent":0,"menu_order":0,"comment_status":"closed","ping_status":"closed","template":"","meta":{"ngg_post_thumbnail":0,"footnotes":""},"class_list":["post-3047","page","type-page","status-publish","hentry"],"yoast_head":"<!-- This site is optimized with the Yoast SEO plugin v27.5 - https:\/\/yoast.com\/product\/yoast-seo-wordpress\/ -->\n<title>Het bibliofiele boek - Stichting De Roos<\/title>\n<meta name=\"robots\" content=\"index, follow, max-snippet:-1, max-image-preview:large, max-video-preview:-1\" \/>\n<link rel=\"canonical\" href=\"https:\/\/www.stichtingderoos.nl\/roos151\/het-bibliofiele-boek\/\" \/>\n<meta property=\"og:locale\" content=\"nl_NL\" \/>\n<meta property=\"og:type\" content=\"article\" \/>\n<meta property=\"og:title\" content=\"Het bibliofiele boek - Stichting De Roos\" \/>\n<meta property=\"og:description\" content=\"Het is een niet tegen te spreken feit, dat in de oorlogsjaren veel mensen het boek ontdekt of herontdekt hebben. Men denkt dan natuurlijk aan de inhoudswaarde, die velen heeft getroost in die naargeestige en trieste jaren en anderen tot tijdverdrijf (wie schreef eens, dat men beter kan spreken van een doodverdrijf?) diende van de [&hellip;]\" \/>\n<meta property=\"og:url\" content=\"https:\/\/www.stichtingderoos.nl\/roos151\/het-bibliofiele-boek\/\" \/>\n<meta property=\"og:site_name\" content=\"Stichting De Roos\" \/>\n<meta name=\"twitter:card\" content=\"summary_large_image\" \/>\n<meta name=\"twitter:label1\" content=\"Geschatte leestijd\" \/>\n\t<meta name=\"twitter:data1\" content=\"4 minuten\" \/>\n<script type=\"application\/ld+json\" class=\"yoast-schema-graph\">{\"@context\":\"https:\\\/\\\/schema.org\",\"@graph\":[{\"@type\":\"WebPage\",\"@id\":\"https:\\\/\\\/www.stichtingderoos.nl\\\/roos151\\\/het-bibliofiele-boek\\\/\",\"url\":\"https:\\\/\\\/www.stichtingderoos.nl\\\/roos151\\\/het-bibliofiele-boek\\\/\",\"name\":\"Het bibliofiele boek - Stichting De Roos\",\"isPartOf\":{\"@id\":\"https:\\\/\\\/www.stichtingderoos.nl\\\/roos151\\\/#website\"},\"datePublished\":\"2019-07-12T19:57:34+00:00\",\"breadcrumb\":{\"@id\":\"https:\\\/\\\/www.stichtingderoos.nl\\\/roos151\\\/het-bibliofiele-boek\\\/#breadcrumb\"},\"inLanguage\":\"nl-NL\",\"potentialAction\":[{\"@type\":\"ReadAction\",\"target\":[\"https:\\\/\\\/www.stichtingderoos.nl\\\/roos151\\\/het-bibliofiele-boek\\\/\"]}]},{\"@type\":\"BreadcrumbList\",\"@id\":\"https:\\\/\\\/www.stichtingderoos.nl\\\/roos151\\\/het-bibliofiele-boek\\\/#breadcrumb\",\"itemListElement\":[{\"@type\":\"ListItem\",\"position\":1,\"name\":\"Home\",\"item\":\"https:\\\/\\\/www.stichtingderoos.nl\\\/roos151\\\/\"},{\"@type\":\"ListItem\",\"position\":2,\"name\":\"Het bibliofiele boek\"}]},{\"@type\":\"WebSite\",\"@id\":\"https:\\\/\\\/www.stichtingderoos.nl\\\/roos151\\\/#website\",\"url\":\"https:\\\/\\\/www.stichtingderoos.nl\\\/roos151\\\/\",\"name\":\"Stichting De Roos\",\"description\":\"Literaire uitgaven voor bibliofielen\",\"potentialAction\":[{\"@type\":\"SearchAction\",\"target\":{\"@type\":\"EntryPoint\",\"urlTemplate\":\"https:\\\/\\\/www.stichtingderoos.nl\\\/roos151\\\/?s={search_term_string}\"},\"query-input\":{\"@type\":\"PropertyValueSpecification\",\"valueRequired\":true,\"valueName\":\"search_term_string\"}}],\"inLanguage\":\"nl-NL\"}]}<\/script>\n<!-- \/ Yoast SEO plugin. -->","yoast_head_json":{"title":"Het bibliofiele boek - Stichting De Roos","robots":{"index":"index","follow":"follow","max-snippet":"max-snippet:-1","max-image-preview":"max-image-preview:large","max-video-preview":"max-video-preview:-1"},"canonical":"https:\/\/www.stichtingderoos.nl\/roos151\/het-bibliofiele-boek\/","og_locale":"nl_NL","og_type":"article","og_title":"Het bibliofiele boek - Stichting De Roos","og_description":"Het is een niet tegen te spreken feit, dat in de oorlogsjaren veel mensen het boek ontdekt of herontdekt hebben. Men denkt dan natuurlijk aan de inhoudswaarde, die velen heeft getroost in die naargeestige en trieste jaren en anderen tot tijdverdrijf (wie schreef eens, dat men beter kan spreken van een doodverdrijf?) diende van de [&hellip;]","og_url":"https:\/\/www.stichtingderoos.nl\/roos151\/het-bibliofiele-boek\/","og_site_name":"Stichting De Roos","twitter_card":"summary_large_image","twitter_misc":{"Geschatte leestijd":"4 minuten"},"schema":{"@context":"https:\/\/schema.org","@graph":[{"@type":"WebPage","@id":"https:\/\/www.stichtingderoos.nl\/roos151\/het-bibliofiele-boek\/","url":"https:\/\/www.stichtingderoos.nl\/roos151\/het-bibliofiele-boek\/","name":"Het bibliofiele boek - Stichting De Roos","isPartOf":{"@id":"https:\/\/www.stichtingderoos.nl\/roos151\/#website"},"datePublished":"2019-07-12T19:57:34+00:00","breadcrumb":{"@id":"https:\/\/www.stichtingderoos.nl\/roos151\/het-bibliofiele-boek\/#breadcrumb"},"inLanguage":"nl-NL","potentialAction":[{"@type":"ReadAction","target":["https:\/\/www.stichtingderoos.nl\/roos151\/het-bibliofiele-boek\/"]}]},{"@type":"BreadcrumbList","@id":"https:\/\/www.stichtingderoos.nl\/roos151\/het-bibliofiele-boek\/#breadcrumb","itemListElement":[{"@type":"ListItem","position":1,"name":"Home","item":"https:\/\/www.stichtingderoos.nl\/roos151\/"},{"@type":"ListItem","position":2,"name":"Het bibliofiele boek"}]},{"@type":"WebSite","@id":"https:\/\/www.stichtingderoos.nl\/roos151\/#website","url":"https:\/\/www.stichtingderoos.nl\/roos151\/","name":"Stichting De Roos","description":"Literaire uitgaven voor bibliofielen","potentialAction":[{"@type":"SearchAction","target":{"@type":"EntryPoint","urlTemplate":"https:\/\/www.stichtingderoos.nl\/roos151\/?s={search_term_string}"},"query-input":{"@type":"PropertyValueSpecification","valueRequired":true,"valueName":"search_term_string"}}],"inLanguage":"nl-NL"}]}},"_links":{"self":[{"href":"https:\/\/www.stichtingderoos.nl\/roos151\/wp-json\/wp\/v2\/pages\/3047","targetHints":{"allow":["GET"]}}],"collection":[{"href":"https:\/\/www.stichtingderoos.nl\/roos151\/wp-json\/wp\/v2\/pages"}],"about":[{"href":"https:\/\/www.stichtingderoos.nl\/roos151\/wp-json\/wp\/v2\/types\/page"}],"author":[{"embeddable":true,"href":"https:\/\/www.stichtingderoos.nl\/roos151\/wp-json\/wp\/v2\/users\/1"}],"replies":[{"embeddable":true,"href":"https:\/\/www.stichtingderoos.nl\/roos151\/wp-json\/wp\/v2\/comments?post=3047"}],"version-history":[{"count":1,"href":"https:\/\/www.stichtingderoos.nl\/roos151\/wp-json\/wp\/v2\/pages\/3047\/revisions"}],"predecessor-version":[{"id":3049,"href":"https:\/\/www.stichtingderoos.nl\/roos151\/wp-json\/wp\/v2\/pages\/3047\/revisions\/3049"}],"wp:attachment":[{"href":"https:\/\/www.stichtingderoos.nl\/roos151\/wp-json\/wp\/v2\/media?parent=3047"}],"curies":[{"name":"wp","href":"https:\/\/api.w.org\/{rel}","templated":true}]}}