{"id":3019,"date":"2019-07-12T19:50:39","date_gmt":"2019-07-12T19:50:39","guid":{"rendered":"https:\/\/www.stichtingderoos.nl\/roos151\/?page_id=3019"},"modified":"2019-07-12T19:50:39","modified_gmt":"2019-07-12T19:50:39","slug":"driemaal-de-roos","status":"publish","type":"page","link":"https:\/\/www.stichtingderoos.nl\/roos151\/driemaal-de-roos\/","title":{"rendered":"Driemaal de Roos"},"content":{"rendered":"\n<p>Opening van de tentoonstelling \u2018Driemaal de Roos\u2019 in Meermanno Westreenianum op 7 mei 1976 door Dr M.B. van de Werk<\/p>\n<p>Een ding is zeker: wij behoeven vanmiddag hier niet voor elkander op onze hoede te zijn. Want voor niemand geldt de waarschuwing vervat in een frans gezegde: \u2018Gardez-vous de l\u2019homme qui ne connait qu\u2019un livre.\u2019<br>&nbsp;&nbsp;&nbsp;&nbsp; Allen zijn wij boekenmensen, allen beleven wij vreugde aan boeken. Allen kennen wij ook die momenten in ons leven, dat wij verzuchten \u2018les livres ont toujours plus d\u2019esprit que les hommes qu\u2019on recontre\u2019. Geldt die verzuchting alleen voor boeken? In de stilte van de natuur ontstijgen wij aan de alledaagsheid, zoals het boek ons naar verre verten brengt. Wat een vreugde een enkele bloem ons kan geven weten wij. De eeuwen door hebben dichters daarover getuigd. En steeds wordt onder de bloemen \u00e9\u00e9n uitverkoren: de roos. Van het China van Confucius, via de westerse middeleeuwen tot heden. Homerus versierde het schild van Achilles met rozen en bouwmeesters van de gotische kathedralen brachten er hun veelkleurige roosvensters aan als symbool, dat de roos een hemelse boodschap overbracht.<br>&nbsp;&nbsp;&nbsp;&nbsp; Op de muren van het paleis van koning Minos op Kreta werden omstreeks 1600 v. Christus rozen geschilderd. De rozenkwekerijen in het dal van de Ora in het zuiden van Marokko herinneren aan de pelgrimstochten die de Arabieren na Mohammed\u2019s [sic] dood ondernamen om de Islam te verbreiden. Zij brachten ook de rozencultuur naar het verste Sahel-land, de roos het symbool van religieuze gevoelens. In het hedendaagse spraakgebruik komt de roos nogal eens voor. U kent de uitdrukking \u2018sub rosa\u2019, onder de roos, in vertrouwen. Deze herinnert aan een oude gewoonte bij de Romeinen: soms werd bij een maaltijd een roos opgehangen ten teken dat alles wat besproken werd vertrouwelijk was en onder geheimhoudingsplicht viel. Maar \u2026 als u straks de rozen in het plafond van de zalen beneden ziet, denk dan niet, dat u moet zwijgen over alles wat u daar ziet en hoort.<br>&nbsp;&nbsp;&nbsp;&nbsp; Van u wordt verwacht, dat u het juist w\u00e9l verder vertelt om anderen aan te moedigen dit mooie museum en deze rozententoonstelling te bezoeken.<br>&nbsp;&nbsp;&nbsp;&nbsp; De roos is de eeuwen door en in verschillende culturen een belangrijk element in het leven der mensen geweest. Beeldende kunstenaars vonden in de roos inspiratie. U zult veel dat schoon en boeiend is hier aantreffen. Alles in verbinding met het boek.<br>&nbsp;&nbsp;&nbsp;&nbsp; Het eerste deel van de tentoonstelling laats iets zien van de schat van bloem-illustraties in het boek.<br>&nbsp;&nbsp;&nbsp;&nbsp; Wij zijn bij elkaar voor de opening van een driedelige tentoonstelling. Is dat eerste deel al niet genoeg? Valt daar niet voldoende te genieten? Moeten er dan nog twee delen volgen, die bovendien gewijd zijn aan werk dat in het verleden al menigmaal werd ge\u00ebxposeerd?<br>&nbsp;&nbsp;&nbsp;&nbsp; Ja, die twee andere delen m\u00f2eten volgen en terecht hebben wij vandaag met een driedelige tentoonstelling te maken. Immer schoonheid kan nooit genoeg naar voren gebracht worden en zeker is dat zo als het gaat om verschijningsvormen van schoonheid, die in ons dagelijks leven een rol spelen.<br>&nbsp;&nbsp;&nbsp;&nbsp; Over S.H. de Roos zal ik niet veel zeggen; er is al veel en goed over hem geschreven. Wij hebben het vermaarde boek van Stols over zijn werk; er is het mooie essay van Ovink: de ontembare lettergieter; de dichter Prenen tekende hem in een sonnet. En vandaag bent u verrast met een geschrift van Dick Dooyes [sic]. Een enkele opmerking om mijn bewondering te ondersteunen voor de kunstenaar De Roos. Al gaan deze opmerkingen alleen over de letterontwerper, toch wilt u wel geloven, dat mijn bewondering zijn gehele werk omvat op het gebied van de toegepaste kunst zowel als dat van de ongebonden kunsten. Zelden is het een kunstenaar gegeven, dat hij mag meemaken, dat zijn werk ge\u00efntegreerd is in de samenleving, in de cultuur waarvan hij deel uitmaakt. De Roos heeft in zijn ontwerpen voortgebouwd op de grondvormen, die eeuwenlang gebruikt werden. En zijn letters voldeden aan de behoeften. Toen Huizinga zijn boek over Erasmus schreef, sprak het vanzelf dat dit gezet zou worden uit de Roos\u2019 Erasmus Mediaeval. Het bundeltje gedichten Waaiend Pluis van Anton van Duinkerken, dat in de donkerste tijd in de bezetting clandestien verscheen, vond in de Libra de juiste letter. De buitengewone uitgaven van de Grondwet, waarop Koningin Juliana de eed aflegde in 1948, was gezet uit de Roos Romein.<br>&nbsp;&nbsp;&nbsp;&nbsp; Toen de eerste verluchte uitgave van de hoogtepunten in de nederlandse [sic] literatuur het grootse dichtwerk de Mei van Gorter zou verschijnen onder het embleem van \u2018de Roos\u2019, was het Sjoerd de Roos aan wie de typografische verzorging werd toevertrouwd. Hij tekende de initialen voor het uit een van zijn letters gezette boek.<br>&nbsp;&nbsp;&nbsp;&nbsp; En nu dan het derde deel van de tentoonstelling. Eigenlijk is het geloof ik zo: het dertig-jarig bestaan van de Stichting de Roos was een gerede aanleiding voor een tentoonstelling. De speelse geest van Meermanno\u2019s staf heeft toen twee rozen naast de ene gezet en presenteert u nu een ruiker van drie rozen; elke roos is op zich zelve al ruimschoots de gang naar de Prinsessegracht waard. Het boek verandert van plaats \u00e8n als communicatiemiddel \u00e8n als bron van informatie. Alles wijst erop, dat het gedrukte boek niet, zoals het met de hand gecopieerde kloosterboek, een museale curiositeit zal worden.<br>&nbsp;&nbsp;&nbsp;&nbsp; De grafische industrie is gebleken soepel te zijn en in staat toch steeds nieuwe verschijningsvormen te kunnen aannemen. Op de technische kanten van dit alles en op de vele methoden van informatie-overdracht en op de visuele overbrenging van boodschappen kan ik niet ingaan nu. Maar deze vluchtige aanduidingen zijn toch wel voldoende inleiding op de vraag: wat voor zin heeft het om bij deze plaatsverandering van het boek nu nog bibliofiele uitgaven met kleine oplage te verzorgen? Of is het een onzinnige liefhebberij, die als kostbare excentriciteit rijkelijk dwaas is? In een ander verband \u2013 maar ook hier volstrekt toepasselijk \u2013 heeft Paul Valery gezegd: le livre est un instrument \u00e0 lire. Een middel, dat te effectiever is maar [sic] mate het een mooi instrument is dienstbaar aan de tekst.<br>&nbsp;&nbsp;&nbsp;&nbsp; Het maken van mooie dingen is nooit zinloos. Te meer is dit het geval wanneer deze mooie dingen stimuleren tot andere mooie dingen. Door de samenwerking van letterontwerper, boekverzorger, illustrator, papiermaker, binder en drukker ontstaat een geheel, dat de tekst recht doet wedervaren.<br>&nbsp;&nbsp;&nbsp;&nbsp; Wanneer wij de uitgaven van de Stichting de Roos bekijken dan blijkt dat het mogelijk groepen van boeken te onderscheiden: allereerst die van de typographie pure, met en zonder gebruik van kleur; vervolgens die waarbij de literaire tekst ge\u00efllustreerd is; aan die waarbij de ontwerper en de tekenaar twee verschillende personen waren en die waarbij de functies van ontwerper en tekenaar in \u00e9\u00e9n persoon verenigd waren; tenslotte de groep, die voorbeelden geeft van speelsheid met druktechnieken; en dan zijn er de uiteenlopende voorbeelden van experimenten met illustratie-technieken en materialen; en die met tekstgroeperingen en formaten.<br>&nbsp;&nbsp;&nbsp;&nbsp; Met deze quantificerende en rubricerende bezigheden ga ik niet door, hoewel dat gemakkelijk zou kunnen. Ook bind ik er geen beschouwingen aan vast. Ik bedoel alleen een aanwijzing te geven voor de vele gezichtshoeken waaronder het totale werk van de Stichting de Roos kan worden bezien.<br>&nbsp;&nbsp;&nbsp;&nbsp; Onbesproken moet blijven de op zich zelve hoogst opmerkelijke tekstkeuze.<br>&nbsp;&nbsp;&nbsp;&nbsp; Op deze tentoonstelling, op het derde deel van deze een 3-eenheid vormende tentoonstelling ziet u een keuze \u2013 of om in de Roos-stijl te blijven \u2013 een bloemlezing uit het werk van dertig jaren. In die tijd is volgens verschillende principes gewerkt, hoewel dit iets te zwaar klinkt. W\u00e8l is 30 jaar lang \u00e9\u00e9n uitgangspunt door Chris Leeflang strak vastgehouden: kwaliteit. Alle medewerkers uit deze jaren kunnen er van meespreken.<\/p>\n","protected":false},"excerpt":{"rendered":"<p>Opening van de tentoonstelling \u2018Driemaal de Roos\u2019 in Meermanno Westreenianum op 7 mei 1976 door Dr M.B. van de Werk Een ding is zeker: wij behoeven vanmiddag hier niet voor elkander op onze hoede te zijn. Want voor niemand geldt de waarschuwing vervat in een frans gezegde: \u2018Gardez-vous de l\u2019homme qui ne connait qu\u2019un livre.\u2019&nbsp;&nbsp;&nbsp;&nbsp; [&hellip;]<\/p>\n","protected":false},"author":1,"featured_media":0,"parent":0,"menu_order":0,"comment_status":"closed","ping_status":"closed","template":"","meta":{"ngg_post_thumbnail":0,"footnotes":""},"class_list":["post-3019","page","type-page","status-publish","hentry"],"yoast_head":"<!-- This site is optimized with the Yoast SEO plugin v27.5 - https:\/\/yoast.com\/product\/yoast-seo-wordpress\/ -->\n<title>Driemaal de Roos - Stichting De Roos<\/title>\n<meta name=\"robots\" content=\"index, follow, max-snippet:-1, max-image-preview:large, max-video-preview:-1\" \/>\n<link rel=\"canonical\" href=\"https:\/\/www.stichtingderoos.nl\/roos151\/driemaal-de-roos\/\" \/>\n<meta property=\"og:locale\" content=\"nl_NL\" \/>\n<meta property=\"og:type\" content=\"article\" \/>\n<meta property=\"og:title\" content=\"Driemaal de Roos - Stichting De Roos\" \/>\n<meta property=\"og:description\" content=\"Opening van de tentoonstelling \u2018Driemaal de Roos\u2019 in Meermanno Westreenianum op 7 mei 1976 door Dr M.B. van de Werk Een ding is zeker: wij behoeven vanmiddag hier niet voor elkander op onze hoede te zijn. Want voor niemand geldt de waarschuwing vervat in een frans gezegde: \u2018Gardez-vous de l\u2019homme qui ne connait qu\u2019un livre.\u2019&nbsp;&nbsp;&nbsp;&nbsp; [&hellip;]\" \/>\n<meta property=\"og:url\" content=\"https:\/\/www.stichtingderoos.nl\/roos151\/driemaal-de-roos\/\" \/>\n<meta property=\"og:site_name\" content=\"Stichting De Roos\" \/>\n<meta name=\"twitter:card\" content=\"summary_large_image\" \/>\n<meta name=\"twitter:label1\" content=\"Geschatte leestijd\" \/>\n\t<meta name=\"twitter:data1\" content=\"7 minuten\" \/>\n<script type=\"application\/ld+json\" class=\"yoast-schema-graph\">{\"@context\":\"https:\\\/\\\/schema.org\",\"@graph\":[{\"@type\":\"WebPage\",\"@id\":\"https:\\\/\\\/www.stichtingderoos.nl\\\/roos151\\\/driemaal-de-roos\\\/\",\"url\":\"https:\\\/\\\/www.stichtingderoos.nl\\\/roos151\\\/driemaal-de-roos\\\/\",\"name\":\"Driemaal de Roos - Stichting De Roos\",\"isPartOf\":{\"@id\":\"https:\\\/\\\/www.stichtingderoos.nl\\\/roos151\\\/#website\"},\"datePublished\":\"2019-07-12T19:50:39+00:00\",\"breadcrumb\":{\"@id\":\"https:\\\/\\\/www.stichtingderoos.nl\\\/roos151\\\/driemaal-de-roos\\\/#breadcrumb\"},\"inLanguage\":\"nl-NL\",\"potentialAction\":[{\"@type\":\"ReadAction\",\"target\":[\"https:\\\/\\\/www.stichtingderoos.nl\\\/roos151\\\/driemaal-de-roos\\\/\"]}]},{\"@type\":\"BreadcrumbList\",\"@id\":\"https:\\\/\\\/www.stichtingderoos.nl\\\/roos151\\\/driemaal-de-roos\\\/#breadcrumb\",\"itemListElement\":[{\"@type\":\"ListItem\",\"position\":1,\"name\":\"Home\",\"item\":\"https:\\\/\\\/www.stichtingderoos.nl\\\/roos151\\\/\"},{\"@type\":\"ListItem\",\"position\":2,\"name\":\"Driemaal de Roos\"}]},{\"@type\":\"WebSite\",\"@id\":\"https:\\\/\\\/www.stichtingderoos.nl\\\/roos151\\\/#website\",\"url\":\"https:\\\/\\\/www.stichtingderoos.nl\\\/roos151\\\/\",\"name\":\"Stichting De Roos\",\"description\":\"Literaire uitgaven voor bibliofielen\",\"potentialAction\":[{\"@type\":\"SearchAction\",\"target\":{\"@type\":\"EntryPoint\",\"urlTemplate\":\"https:\\\/\\\/www.stichtingderoos.nl\\\/roos151\\\/?s={search_term_string}\"},\"query-input\":{\"@type\":\"PropertyValueSpecification\",\"valueRequired\":true,\"valueName\":\"search_term_string\"}}],\"inLanguage\":\"nl-NL\"}]}<\/script>\n<!-- \/ Yoast SEO plugin. -->","yoast_head_json":{"title":"Driemaal de Roos - Stichting De Roos","robots":{"index":"index","follow":"follow","max-snippet":"max-snippet:-1","max-image-preview":"max-image-preview:large","max-video-preview":"max-video-preview:-1"},"canonical":"https:\/\/www.stichtingderoos.nl\/roos151\/driemaal-de-roos\/","og_locale":"nl_NL","og_type":"article","og_title":"Driemaal de Roos - Stichting De Roos","og_description":"Opening van de tentoonstelling \u2018Driemaal de Roos\u2019 in Meermanno Westreenianum op 7 mei 1976 door Dr M.B. van de Werk Een ding is zeker: wij behoeven vanmiddag hier niet voor elkander op onze hoede te zijn. Want voor niemand geldt de waarschuwing vervat in een frans gezegde: \u2018Gardez-vous de l\u2019homme qui ne connait qu\u2019un livre.\u2019&nbsp;&nbsp;&nbsp;&nbsp; [&hellip;]","og_url":"https:\/\/www.stichtingderoos.nl\/roos151\/driemaal-de-roos\/","og_site_name":"Stichting De Roos","twitter_card":"summary_large_image","twitter_misc":{"Geschatte leestijd":"7 minuten"},"schema":{"@context":"https:\/\/schema.org","@graph":[{"@type":"WebPage","@id":"https:\/\/www.stichtingderoos.nl\/roos151\/driemaal-de-roos\/","url":"https:\/\/www.stichtingderoos.nl\/roos151\/driemaal-de-roos\/","name":"Driemaal de Roos - Stichting De Roos","isPartOf":{"@id":"https:\/\/www.stichtingderoos.nl\/roos151\/#website"},"datePublished":"2019-07-12T19:50:39+00:00","breadcrumb":{"@id":"https:\/\/www.stichtingderoos.nl\/roos151\/driemaal-de-roos\/#breadcrumb"},"inLanguage":"nl-NL","potentialAction":[{"@type":"ReadAction","target":["https:\/\/www.stichtingderoos.nl\/roos151\/driemaal-de-roos\/"]}]},{"@type":"BreadcrumbList","@id":"https:\/\/www.stichtingderoos.nl\/roos151\/driemaal-de-roos\/#breadcrumb","itemListElement":[{"@type":"ListItem","position":1,"name":"Home","item":"https:\/\/www.stichtingderoos.nl\/roos151\/"},{"@type":"ListItem","position":2,"name":"Driemaal de Roos"}]},{"@type":"WebSite","@id":"https:\/\/www.stichtingderoos.nl\/roos151\/#website","url":"https:\/\/www.stichtingderoos.nl\/roos151\/","name":"Stichting De Roos","description":"Literaire uitgaven voor bibliofielen","potentialAction":[{"@type":"SearchAction","target":{"@type":"EntryPoint","urlTemplate":"https:\/\/www.stichtingderoos.nl\/roos151\/?s={search_term_string}"},"query-input":{"@type":"PropertyValueSpecification","valueRequired":true,"valueName":"search_term_string"}}],"inLanguage":"nl-NL"}]}},"_links":{"self":[{"href":"https:\/\/www.stichtingderoos.nl\/roos151\/wp-json\/wp\/v2\/pages\/3019","targetHints":{"allow":["GET"]}}],"collection":[{"href":"https:\/\/www.stichtingderoos.nl\/roos151\/wp-json\/wp\/v2\/pages"}],"about":[{"href":"https:\/\/www.stichtingderoos.nl\/roos151\/wp-json\/wp\/v2\/types\/page"}],"author":[{"embeddable":true,"href":"https:\/\/www.stichtingderoos.nl\/roos151\/wp-json\/wp\/v2\/users\/1"}],"replies":[{"embeddable":true,"href":"https:\/\/www.stichtingderoos.nl\/roos151\/wp-json\/wp\/v2\/comments?post=3019"}],"version-history":[{"count":1,"href":"https:\/\/www.stichtingderoos.nl\/roos151\/wp-json\/wp\/v2\/pages\/3019\/revisions"}],"predecessor-version":[{"id":3021,"href":"https:\/\/www.stichtingderoos.nl\/roos151\/wp-json\/wp\/v2\/pages\/3019\/revisions\/3021"}],"wp:attachment":[{"href":"https:\/\/www.stichtingderoos.nl\/roos151\/wp-json\/wp\/v2\/media?parent=3019"}],"curies":[{"name":"wp","href":"https:\/\/api.w.org\/{rel}","templated":true}]}}